5. Suppose 0 = -3*x - 3*p - 12, 2*p - 10 = 5*x + 5*p. Suppose l*c = 7 + x. List the prime factors of c.
2
Suppose 24 + 52 = 5*d - v, 0 = -4*d - 5*v + 55. List the prime factors of d.
3, 5
Let v = 20 - -18. What are the prime factors of v?
2, 19
Let m be 9 + 0*(-1)/2. Suppose -b = -s, -11 - m = -3*b - s. What are the prime factors of -2 + 19 + (4 - b)?
2
Suppose 2*r = r - u + 8, -2*u = 4*r - 26. Suppose -3*q + 120 = 2*q. Suppose q = r*k - 2*k. What are the prime factors of k?
2
Let v = 2 + 2. Let f(h) = h**2 + 5*h. What are the prime factors of f(v)?
2, 3
Suppose 2*q - 2*c = 78, 0*q + 205 = 5*q + 5*c. What are the prime factors of q?
2, 5
Suppose -4 = 4*n - 3*w - 10, 0 = -n - 3*w + 9. Suppose 3*s + 80 = 5*j, 50 = 5*j + n*s - 30. What are the prime factors of j?
2
Suppose 0 = v + 4*r - 13, v + 3*r - 8 - 1 = 0. Let f be (v - (-6)/3)*33. Let s = 48 + f. List the prime factors of s.
3, 5
Suppose 5*r - 117 + 497 = 0. Let y = -30 - r. Suppose 5*i - y = 4*p, 0 = -0*i - 4*i + p + 39. What are the prime factors of i?
2, 5
Suppose -4*q + 3*q - 20 = 4*z, 2*z + 46 = -5*q. Let d = q + 23. List the prime factors of d.
3, 5
Suppose -c = -2*x + 5, -3*c - 4*x - 24 = -7*x. Let z = 12 + -21. Let l = z - c. List the prime factors of l.
2
Suppose 10 = 4*g + 26. Let m(v) = v**3 + 5*v**2 + 2*v - 1. What are the prime factors of m(g)?
7
Suppose 50 = -m - 4*m. Let o = m + 22. Let f = o - 7. List the prime factors of f.
5
Suppose 5*y = 2*y + 12. Suppose 0 = -t + y. Suppose 0*k = t*k - 72. What are the prime factors of k?
2, 3
Let a be 24/(-14) + 6/(-21). Let g = a - -5. What are the prime factors of 30/g - 0/(-1)?
2, 5
Suppose k - 88 = 5*n, 5*k - 417 = 3*n - n. List the prime factors of k.
83
Let q(w) = 2*w + 13. Let v be q(-9). Let o be 3/v + 6/10. What are the prime factors of 3 - (o - -2) - -20?
3, 7
Let x(q) = q**2 + 15*q - 64. List the prime factors of x(-20).
2, 3
Suppose -3*m = 4*k - 18, 3*k = -0*k + m + 7. Suppose 5 = -k*v + u + 61, -v = 5*u - 40. What are the prime factors of v?
2, 5
Suppose 3*z = -3*h + 150, 2*z + 5*h = -0*h + 85. Let m = z + -37. What are the prime factors of m?
2, 3
Suppose 3 = v - 8. Let p be 5*6*3/6. Let y = p - v. What are the prime factors of y?
2
Let x be -1 - (7 + 1)/2. Let v = x + 8. Let a(l) = -l**2 + 3*l + 3. List the prime factors of a(v).
3
Let u = 28 + -21. List the prime factors of u.
7
Let j be (-68)/(-18) - (-4)/18. Let o(b) = 8*b - 1. Let a be o(-1). List the prime factors of 2/j - a/2.
5
Let l(s) = 6*s + 26. What are the prime factors of l(6)?
2, 31
Suppose a + 5 + 3 = 5*n, 0 = 5*a - 5*n. Suppose 4*t - 2*i - a*i - 76 = 0, -2*t - i + 38 = 0. What are the prime factors of t?
19
Suppose 0*a - n = -4*a + 32, -30 = -2*a - 3*n. List the prime factors of a.
3
Let b(r) = -r**2 + 2*r + 2. Let d be b(6). Let t = -9 - d. Suppose -t = -5*j + 32. List the prime factors of j.
3
Let v(i) = 3 - i**2 + 56*i**3 + 10*i**2 - 57*i**3. What are the prime factors of v(9)?
3
Let w(m) = 1 + 3*m + 2*m - 3*m + 1. List the prime factors of w(5).
2, 3
List the prime factors of 5/(-105)*-1671 - 6/(-14).
2, 5
Suppose -6*a = -2*a + 56. What are the prime factors of 4*(-3)/(-4) - a?
17
List the prime factors of -1*14/(-4)*2.
7
Suppose 4*l = -2*x - 8, 4*l = 2*x - 3*x - 6. Suppose -4*p + 36 = -8. List the prime factors of p + x - (-2)/(-1).
7
Suppose 0 = -5*p + 3 + 7. Let u = 1 - p. What are the prime factors of (-128)/(-12) - u/3?
11
Suppose 4*w + 5*y - 30 = 3*w, 0 = -5*w - 2*y + 173. List the prime factors of w.
5, 7
List the prime factors of -3 - (-9 - -7) - (-1 + -90).
2, 3, 5
Let z = -168 - -246. What are the prime factors of z?
2, 3, 13
What are the prime factors of 0 + (-186)/(-2) + 4?
97
Suppose -5*s + 0*s + 15 = -3*p, -s - p - 5 = 0. Suppose s = -5*u + 18 + 12. What are the prime factors of u?
2, 3
Let o(l) = l + 17. What are the prime factors of o(-5)?
2, 3
Let a(b) = -b**2 - 6*b - 1. Let n(z) = -z. Let h(o) = a(o) - 5*n(o). Let l be h(-2). Let d = l + 8. List the prime factors of d.
5
Suppose -430 = -5*n + 150. Suppose -68 = -2*v + 4*j, 7*v - 3*j - n = 3*v. What are the prime factors of v?
2, 13
Let q = -5 + -5. Let b = q + 32. What are the prime factors of b?
2, 11
Let a(n) = 5*n - 4. Suppose 6 = -0*u + 2*u. List the prime factors of a(u).
11
Let c(u) = u**3 - 9*u**2 + 9*u - 2. Let x be c(9). Suppose 3*i = 5 + x. List the prime factors of i.
2, 7
Suppose -3*g - 10 = -2*q, g = -4*q - 4*g + 20. Suppose 2*j - q*j = -102. What are the prime factors of j?
2, 17
Let p be 2/(-1) + 0 + 5. Suppose -s + 2*x + 4 = 0, -40 = -4*s - x - p*x. What are the prime factors of s?
2
Suppose 5*s + 20 = p, p + 0*s = 2*s + 5. Let b be (0 + -1)/(p - -4). List the prime factors of (14 + 0 + -1)/b.
13
Let c be (-9)/(-6)*(-18)/(-3). Suppose -a + c = -u, a + 6 = -0*u - 4*u. List the prime factors of a.
2, 3
Suppose -7 = -5*k + u, 0*k + 5*u - 17 = -k. Let d(i) = 14*i**k + 1 + i**2 - 4*i**2. What are the prime factors of d(-1)?
2, 3
What are the prime factors of (6*21*1)/((-72)/(-96))?
2, 3, 7
Suppose 5 = -p + 2*p. Let l(g) = 3*g - 2 - 4 + 1. List the prime factors of l(p).
2, 5
Let h(y) = y + 7. Let c(g) = 3*g - 4. Let q be c(4). List the prime factors of h(q).
3, 5
List the prime factors of 6/(-14) - (-2 - (-11438)/(-49)).
5, 47
Let t(u) = u**3 + 3*u**2 - 4*u + 3. What are the prime factors of t(3)?
3, 5
Let w be -2 - -4 - 0/(-4). Suppose -g + w*g = 5. Suppose 4*y - 18 = -2*u - 6, -5*y + 30 = g*u. List the prime factors of u.
2, 3
Suppose 0 = 4*b - 4*y + 156, 3*y = b + b + 82. Let j = -22 - b. List the prime factors of j.
13
Suppose -2*b + 7*b = 115. List the prime factors of b.
23
Let z be (-2)/(5/(-3) - -1). Let l = 44 - 24. Suppose -u + 16 = z*p - 5*p, -u = -4*p - l. List the prime factors of u.
2, 3
Let d(v) = -5*v - 10. Let f be d(-9). Let w = f + -12. List the prime factors of w.
23
Let k be 0 + (-3 - (-7 + 2)). Let x = 4 + k. What are the prime factors of x?
2, 3
Let g = -26 - -41. Let n be ((-20)/g)/((-2)/(-21)). List the prime factors of ((-6)/7 - 0)*n.
2, 3
What are the prime factors of (-730)/(-30) - 2/(-3)?
5
Suppose 2*g - 2*y + 6 = 4*g, -5*y = 4*g - 17. Let t be g + 3 + 1 + 0. What are the prime factors of ((-5)/10)/(t/(-44))?
11
Let n = -1 - -3. Suppose 0 = l - n*l. Suppose -73 = -4*u + 3*k - 4*k, 2*u - 3*k - 33 = l. What are the prime factors of u?
2, 3
Suppose -4 = 2*w - o - 17, 0 = -3*w - o + 7. Let s = w - 6. Let c = 4 + s. List the prime factors of c.
2
Suppose -3*h = -h - 142. List the prime factors of h.
71
Let y(d) = -d + 5. Let x be -3*(2 - 1) + 3. Let t be y(x). Suppose -3*l = -t*l + j + 8, -4*j = -l - 10. List the prime factors of l.
2, 3
Let q(o) = 24*o**2 + 3*o - 3. What are the prime factors of q(3)?
2, 3, 37
Let u(i) = i**3 - 8*i**2 + 9*i - 4. List the prime factors of u(7).
2, 5
Let t(v) = -v**3 + 8*v**2 + 2*v - 3. List the prime factors of t(8).
13
Let y(d) = -2*d + 45. List the prime factors of y(0).
3, 5
Suppose -2*m = 2*m - 80. Suppose 8*o - m = 3*o. What are the prime factors of o?
2
Let m(q) = q**2 + 2*q - 1. Let j be m(2). What are the prime factors of (26 + 1)/(-6 + j)?
3
Suppose 5*g + 222 - 567 = 0. What are the prime factors of g?
3, 23
Suppose 191 = 4*u + 27. Let o = 58 - u. Let b = o - 6. What are the prime factors of b?
11
Let v(l) = -2*l - 4. Let n be v(-4). Suppose n*s - 4 = -4*o, 3 = 4*s - 5*o - 10. Suppose -s*h + 51 = h. List the prime factors of h.
17
Suppose -3*n + 84 = -0*n. List the prime factors of n.
2, 7
Suppose 0 = 2*y - 0*y + 2. Let v be (1 + 0)/(1/y). What are the prime factors of -2*(-1 + v - 4)?
2, 3
Suppose 0 = 6*l - 267 - 573. List the prime factors of l.
2, 5, 7
List the prime factors of 825/22 - 2/4.
37
Let b(x) = -x**2. Let a be b(1). Let r(l) = -18*l**3 - 1 + l**2 + 0 - 3*l**3. What are the prime factors of r(a)?
3, 7
Let s(z) = -13*z - 9. What are the prime factors of s(-6)?
3, 23
Let t = -21 - -221. List the prime factors of t.
2, 5
Suppose d = -d + 132. What are the prime factors of d?
2, 3, 11
Let y = 172 - 54. List the prime factors of y.
2, 59
Let t(y) = -1 - 3*y - 3*y + 0. Let m be -2 + (1 - 1) - -1. List the prime factors of t(m).
5
List the prime factors of (13/(-4))/(8/(-128)).
2, 13
What are the prime factors of 24/32 + (-1482)/(-8)?
2, 3, 31
Suppose 20 - 78 = -2*k. Suppose 0 = 3*p + 12, 4*n - 5*